
0
Suppose -5*x + 44 = -226. Suppose -18*f - 2 + 92 = 0. Suppose -3*o - 8 = -w - o, -f*w = -3*o - x. What is the tens digit of w?
1
Let l be (3 - 7)/16 - (-69)/4. Let o(s) = 14*s + 37. What is the tens digit of o(l)?
7
Suppose 0 = u + 2*m - 98, 0 = u - 2*m - 69 - 41. Suppose -23 = 2*x + 31. Let c = u + x. What is the units digit of c?
7
Suppose 902 = z + 3*s, 34*s - 11760 = -13*z + 29*s. What is the hundreds digit of z?
9
Let h(k) = 8*k - 94. Let w be h(29). What is the tens digit of (-12)/(-66) - w/33 - -178?
7
Let p be (2 - 1) + (12 - (-2 + 4)). Suppose 0 = -2*q + 2*h + 4, h - 2 = -2*q + p. Suppose 10*t - 395 = q*t. What is the tens digit of t?
7
Suppose -305*t + 3747236 = -12599849. What is the tens digit of t?
9
Suppose 1863*d - 1867*d - 2*k = -174836, d - k - 43709 = 0. What is the tens digit of d?
0
What is the hundreds digit of (2 + -4 - -4) + 702 + -2?
7
What is the tens digit of (-19472)/((-78)/(-273)*(-14)/8)?
4
Suppose 0 = -t - 18*t + 5282. Let f = 605 - t. What is the tens digit of f?
2
Suppose -6*p + 4*u + 545 = -p, 545 = 5*p - 5*u. Suppose -111 = -o - 3*o - 3*x, -x + p = 4*o. Let d = o - -21. What is the units digit of d?
8
Let l(o) = o**2 + 3*o - 6. Let v be l(-5). Suppose -b - 529 = -5*k + k, 0 = v*b - 12. Suppose -7*x = -k - 448. What is the tens digit of x?
8
What is the tens digit of (1 + 15841)*((11 - 3)*-1 - -10)?
8
Suppose -2*d - 15 + 19 = 0. Suppose 3*l - r = 326, -4*r = -l - d*r + 107. Let s = l - 65. What is the tens digit of s?
4
Suppose -46826 = -2*g + 2*a, -2*g + 0*a = -13*a - 46848. What is the tens digit of g?
1
Suppose -2*r - 254146 = -4*w - 12*w, -2*w + 3*r + 31749 = 0. What is the hundreds digit of w?
8
Let b(k) be the third derivative of -5*k**4/8 + 25*k**3/6 + 176*k**2. Let n(i) = -i**2 + 6*i - 6. Let o be n(6). What is the tens digit of b(o)?
1
Suppose -4*r + m - 1785 = 0, -2*r - 4*m = -8*m + 896. Let w = r + 978. Let n = w + -299. What is the hundreds digit of n?
2
Let p = -540 + 544. Suppose z - 322 = p*u, 10*u - 347 = -z + 9*u. What is the units digit of z?
2
Let b(o) = -28 + 46 - 2*o + 23*o + 2*o**2. Let m be b(-13). Let t = m - -196. What is the units digit of t?
9
Let p(i) = -i - 166. Let u be p(0). Let y = u - -247. Let f = y + -58. What is the units digit of f?
3
Let f(n) = 73*n**3 - 7*n**2 - 35*n + 183. What is the tens digit of f(7)?
3
Let t = 343 - 586. Let c = 92 - t. What is the hundreds digit of c?
3
Let j(c) = -c**2 + 25*c + 30. Let u be j(26). Suppose 23 + 781 = -u*s. Let g = s - -389. What is the units digit of g?
8
Let a = 434 - 309. Let h = 14 + -10. Suppose h*v = l + 2*v - 67, a = 2*l + 5*v. What is the tens digit of l?
6
What is the thousands digit of 330774/6 - -14 - 2/12*6?
5
Let a be -6 - 78*48/(-8). Let s = a + -20. What is the tens digit of s?
4
Let w = 24304 + -8676. What is the thousands digit of w?
5
Suppose -5*m - 2*n - 15 = 0, 6*n = n. Let v(k) = 2*k**2 + 2*k - 4. Let t be v(m). Let c(p) = 7*p - 19. What is the units digit of c(t)?
7
Let r = 71 + -120. Let v(k) = -k**3 + 4*k**2 - 7*k + 4. Let b be v(4). Let x = b - r. What is the tens digit of x?
2
Suppose 0 = 53*f - 166224 - 833886. What is the ten thousands digit of f?
1
Suppose -369*h + 371*h = -4*b + 17924, -5*h + 44840 = 5*b. What is the units digit of h?
4
Let b(s) = -55*s**2 - 4*s + 27. Let o be b(-9). What is the hundreds digit of 24/9*o/(-16)?
7
Let c be ((-15)/(-20))/((-11)/(-484)). Suppose 4*m = 12, 7*q - 3*m = 11*q - c. What is the units digit of q?
6
Let m(y) = -308*y + 2001. What is the tens digit of m(-49)?
9
Suppose -h = 2*m - 616, -5*m + 3923 = 5*h + 858. Let j = h - 329. What is the tens digit of j?
8
Let t = 50 + -29. Suppose -4*n + t = -7*n. Let v = 94 + n. What is the tens digit of v?
8
Suppose 13*f = 9*f + 8. Let r(n) = -3*n**2 + 14 + 0*n**2 - 3*n + 4*n**f + 0. What is the units digit of r(8)?
4
Let l(f) = 32*f**2 + 7*f - 32 - 6*f**2 + 3 - 4. What is the tens digit of l(4)?
1
Let s(a) = -a**3 + 8*a**2 + 21*a - 6. Let l be s(10). Suppose -4*i = -l*p + 188, 2*p = -2*i - 0*i + 98. Suppose 2*k - p = -0*k. What is the tens digit of k?
2
Let j be (-1178)/(-285) + 6/(-45). Let m be 1/(-2) + 98/4. Suppose -588 + m = -j*z. What is the units digit of z?
1
Let c(s) = 2*s**3 - 10*s**2 + s + 5. Let g be c(5). Suppose -g*d + 18*d = 72. Suppose 226 + 359 = d*p. What is the units digit of p?
5
Let h(f) = 7*f**2 - 9*f + 14. Let j be h(9). Let v = 879 - j. What is the hundreds digit of v?
3
Let c = -1250 + 2323. Let k = c - 510. What is the hundreds digit of k?
5
Let m = 76936 + -37880. What is the ten thousands digit of m?
3
Suppose 0 = i - 367*n + 369*n - 15114, -i + 15074 = -3*n. What is the thousands digit of i?
5
Let c be (2/(-8))/(0 - (-1)/(-68)). Suppose -i - 5*y = -19, -3*i + y = 2*i - c. Suppose 4*g + i*t = 60, 2*t - 51 = -4*g + 9. What is the tens digit of g?
1
Let x(z) = z**2 + 171*z - 50. What is the hundreds digit of x(35)?
1
Suppose s - 3*d = 15362 + 4613, -2*s - 4*d + 39880 = 0. What is the thousands digit of s?
9
Suppose -23 = -3*c - 11. What is the tens digit of 455/(2 + c + -5)?
5
Suppose 0 = -40*r + 129*r - 2344438. What is the ten thousands digit of r?
2
Suppose 31163 = j - 3*b, -2*j + 0*j + 62276 = 4*b. What is the thousands digit of j?
1
Let p(h) = -4*h + 25. Let j = -25 + 31. Let y be p(j). What is the tens digit of y/(-3)*(3 + 23)*-3?
2
Let r(i) = 3*i**2 + 9*i + 7. Let k be r(-8). Suppose 179 = 6*b - k. Suppose 5*u - 64 = b. What is the tens digit of u?
2
Let u = 280 - -44. Let m = u - 76. What is the units digit of 3*(-5)/(-15) + m?
9
Suppose 0 = 3*j + 5*j - 864. What is the units digit of 1 + (2 - j/(-3))?
9
Let r be 4/6 - (-27770)/6. Suppose 15*u - r = -534. What is the hundreds digit of u?
2
Suppose -76*p + 71*p = -855. Let f = 426 - p. What is the units digit of f?
5
Suppose -44*z = -45*z + 3*r + 5817, -5*z + 29017 = 2*r. What is the units digit of z?
5
Let l be (3 + -4635)/8 - 0. Let x = l + 1026. What is the tens digit of x?
4
Let o = 114 + -52. Let w = -62 + o. What is the hundreds digit of (w - (-3 + -1))/(2/51)?
1
Suppose 4*h + 4*u = 16, 15*h - 28 = 11*h + 2*u. Let l(z) = -5*z + 34. Let o be l(h). What is the tens digit of (-2312)/(-16) + 2/o?
4
Suppose -738 = -5*d - 4*d. Let f = 91 + d. What is the units digit of f?
3
Suppose 2*w = 13*w + 24*w - 572705. What is the ten thousands digit of w?
1
Suppose -11*x = -4*x + 399. Let s = x - -62. Let y = 25 - s. What is the tens digit of y?
2
Suppose -20839 = -95*f + 3497581. What is the hundreds digit of f?
0
Let g be -2 + 6/1 + -3 + 2. Suppose a - 186 = x + g*x, -5*a + 5*x = -1005. What is the hundreds digit of a?
2
Let a = 31804 + -17932. What is the units digit of a?
2
Let a be 8 + 1709/3 - (-10)/(-6). Let u = a + -387. What is the tens digit of u?
8
Let x(t) = 6*t**3 + 149*t**2 + 35*t + 54. What is the hundreds digit of x(-24)?
0
Let u be 32/(-14) + 2 + (-60)/(-14). Suppose -5*l = -6*l - b + 473, u*b + 2365 = 5*l. What is the units digit of l?
3
Suppose -3*g + 107 = -2611. Suppose -4*x = g + 10. Let k = x - -337. What is the hundreds digit of k?
1
What is the tens digit of 3531700/450 - (-4)/(-18)?
4
Suppose -15*l = 5*r - 17*l - 345, 3*l = 5*r - 340. Suppose r*p = 76*p + 3*b - 1630, -4*p - b = -1297. What is the tens digit of p?
2
Let n = 331 + -305. Let p = n + 161. What is the units digit of p?
7
Let s = -45472 - -70690. What is the ten thousands digit of s?
2
Let z = 19901 + -7866. What is the hundreds digit of z?
0
Let n = 1089 - 402. Suppose -5*v = -n - 348. Let k = -46 + v. What is the units digit of k?
1
Let r = 65 + 73. Suppose -8*d + 11*d = r. Suppose -2*q + d + 66 = 0. What is the tens digit of q?
5
Let a(d) = 735*d - 1446. What is the hundreds digit of a(14)?
8
Let k = 1620 + -1102. Suppose -k = -l + 5*d, -2*d = 5*l - 5*d - 2568. What is the hundreds digit of l?
5
Let f be 3 - 0/(9/3). Suppose 0 = 4*b - 4*u - 1016, -f*b - 1000 = -7*b - 4*u. What is the tens digit of b?
5
Suppose 1100*b - 12 = 1098*b. Suppose b*c = 1511 + 1237. What is the tens digit of c?
5
Let c(a) = -2*a**3 + a**2 + 4*a + 6. Suppose -p = 4*p + q - 5, 0 = 4*p + 5*q + 17. Suppose 15 = p*f - 7*f. What is the tens digit of c(f)?
5
What is the tens digit of (164 - 6)*-1*-6?
4
Let i be (4249/28)/1 + (-1)/(-4). Suppose 4*m = -2*r + 76, 0*m + 2*m = 4*r - i. What is th